?
False
Is 2059 a prime number?
False
Is 179159 composite?
True
Is 11777 prime?
True
Is 8663 a prime number?
True
Is 356719 prime?
False
Is 846119 prime?
False
Is 119869 prime?
True
Is 558727 a prime number?
False
Is 808937 composite?
False
Is 268487 prime?
True
Is 7039 a prime number?
True
Is 1392943 a composite number?
False
Is 1461583 a prime number?
True
Is 16607 prime?
True
Is 394 a composite number?
True
Is 25138 a prime number?
False
Is 868169 a prime number?
False
Is 2448691 composite?
True
Is 338543 a prime number?
True
Is 60163 composite?
True
Is 104459 composite?
False
Is 3697 composite?
False
Is 58147 a prime number?
True
Is 24223 a composite number?
False
Is 11698 prime?
False
Is 1590643 a prime number?
True
Is 157091 a prime number?
False
Is 1586737 prime?
True
Is 285953 a composite number?
False
Is 2291 composite?
True
Is 1009 composite?
False
Is 158549 a composite number?
True
Is 123361 prime?
False
Is 35957 a composite number?
True
Is 2638 a prime number?
False
Is 719597 prime?
True
Is 7343 a prime number?
False
Is 115999 composite?
True
Is 31307 prime?
True
Is 1146909 prime?
False
Is 1733 prime?
True
Is 17519 composite?
False
Is 22241 composite?
True
Is 6667 prime?
False
Is 272561 composite?
True
Is 865 composite?
True
Is 107303 a prime number?
False
Is 59713 a prime number?
False
Is 23461 prime?
False
Is 1191 composite?
True
Is 525039 a prime number?
False
Is 53063 prime?
False
Is 407149 a prime number?
True
Is 388991 a composite number?
False
Is 2579 composite?
False
Is 8137 a composite number?
True
Is 2779 prime?
False
Is 991 a composite number?
False
Is 15493 prime?
True
Is 36111 a prime number?
False
Is 4756105 prime?
False
Is 10349 prime?
False
Is 719791 composite?
False
Is 1140311 a prime number?
True
Is 35201 a composite number?
False
Is 233383 prime?
False
Is 84259 a composite number?
True
Is 9897 prime?
False
Is 7801 prime?
False
Is 1802827 composite?
True
Is 4717 a composite number?
True
Is 138667 a composite number?
True
Is 1651 prime?
False
Is 1827478 a prime number?
False
Is 167995 prime?
False
Is 5815 prime?
False
Is 1649861 a composite number?
False
Is 458933 a composite number?
True
Is 1763 prime?
False
Is 1462139 composite?
True
Is 381831 a composite number?
True
Is 48317 a composite number?
True
Is 1039 a prime number?
True
Is 1685717 prime?
False
Is 323769 a composite number?
True
Is 1057921 prime?
False
Is 380591 prime?
True
Is 5647 prime?
True
Is 354619 prime?
True
Is 75821 a prime number?
True
Is 260506 a prime number?
False
Is 15231 prime?
False
Is 14237 composite?
True
Is 1535011 prime?
True
Is 20791 a prime number?
False
Is 498577 a prime number?
True
Is 396311 composite?
False
Is 92441 a composite number?
True
Is 167953 prime?
True
Is 111187 a prime number?
True
Is 49613 a prime number?
True
Is 322323 prime?
False
Is 28831 prime?
False
Is 236957 a prime number?
False
Is 53167 a composite number?
True
Is 80897 prime?
True
Is 729583 prime?
False
Is 24287 a composite number?
True
Is 3833 a composite number?
False
Is 158689 a composite number?
True
Is 5599 a composite number?
True
Is 158113 a prime number?
True
Is 3205 a composite number?
True
Is 513209 a prime number?
False
Is 3803 a prime number?
True
Is 59951 a composite number?
False
Is 551197 a composite number?
False
Is 252193 composite?
False
Is 24391 prime?
True
Is 181565 a composite number?
True
Is 19378 a prime number?
False
Is 3694 a prime number?
False
Is 121567 a composite number?
True
Is 887141 a composite number?
False
Is 12295 prime?
False
Is 154439 a composite number?
False
Is 6414847 composite?
False
Is 348193 a composite number?
True
Is 1478 a composite number?
True
Is 973 prime?
False
Is 4661 a composite number?
True
Is 1543 a composite number?
False
Is 3791 prime?
False
Is 991 composite?
False
Is 3947 prime?
True
Is 241221 composite?
True
Is 1828951 prime?
False
Is 168859 composite?
True
Is 499 a prime number?
True
Is 97459 composite?
False
Is 357841 prime?
False
Is 18053 composite?
True
Is 100019 a prime number?
True
Is 119147 prime?
False
Is 399205 a composite number?
True
Is 31699 prime?
True
Is 64871 prime?
True
Is 31949 a composite number?
True
Is 30811 a prime number?
False
Is 51227 a prime number?
False
Is 2237 composite?
False
Is 12569 prime?
True
Is 446629 a prime number?
False
Is 710981 a composite number?
True
Is 75967 a prime number?
True
Is 7509 a prime number?
False
Is 1554749 composite?
True
Is 25387 composite?
True
Is 22757 prime?
False
Is 2105513 composite?
False
Is 689651 a prime number?
False
Is 9031051 a composite number?
False
Is 79 prime?
True
Is 112327 prime?
True
Is 12209 a prime number?
False
Is 3817 composite?
True
Is 535083 composite?
True
Is 155405 prime?
False
Is 3117 composite?
True
Is 23849 a composite number?
True
Is 26339 a composite number?
False
Is 9961 a composite number?
True
Is 1499 composite?
False
Is 236957 prime?
False
Is 52147 prime?
True
Is 13951 composite?
True
Is 3353 a prime number?
False
Is 159694 a composite number?
True
Is 151769 prime?
True
Is 13861 a composite number?
True
Is 50891 a prime number?
True
Is 28159 prime?
False
Is 127499 prime?
False
Is 3683 a prime number?
False
Is 20021 composite?
False
Is 27973 prime?
False
Is 1079 a prime number?
False
Is 209629 composite?
True
Is 5046983 composite?
False
Is 100645 a composite number?
True
Is 3839869 a composite number?
True
Is 452267 a prime number?
False
Is 55603 a prime number?
True
Is 434191 a prime number?
True
Is 65831 prime?
True
Is 3299 a prime number?
True
Is 112481 a prime number?
True
Is 8885 composite?
True
Is 12889 a prime number?
True
Is 9739 prime?
True
Is 972427 a composite number?
False
Is 11599 a composite number?
True
Is 26626 composite?
True
Is 18623 composite?
True
Is 128057 a composite number?
True
Is 136381 prime?
False
Is 94319 composite?
True
Is 31631 prime?
False
Is 48883 a prime number?
True
Is 22769 prime?
True
Is 17213 a composite number?
True
Is 3833 prime?
True
Is 14689 composite?
True
Is 85297 a prime number?
True
Is 109297 a prime number?
True
Is 3263259 a composite number?
True
Is 187159 composite?
True
Is 69401 composite?
False
Is 455971 prime?
False
Is 61763 a composite number?
True
Is 17723 a composite number?
True
Is 407567 a prime number?
True
Is 550111 a composite number?
False
Is 6609 a composite number?
True
Is 448451 a composite number?
False
Is 122603 composite?
True
Is 1022867 a prime number?
False
Is 214919 composite?
True
Is 4831 a composite number?
False
Is 23363 a prime number?
False
Is 25439 composite?
False
Is 1119 prime?
False
Is 19103 a prime number?
False
Is 20249 a composite number?
False
Is 17781 a prime number?
False
Is 1846829 composite?
True
Is 538981 a prime number?
False
Is 140977 a composite number?
False
Is 3299 a prime number?
True
Is 201783 prime?
False
Is 34049 a composite number?
True
Is 321889 a prime number?
True
Is 40093 prime?
True
Is 191953 prime?
True
Is 379831 composite?
True
Is 19639 a prime number?
False
Is 4253 a prime number?
True
Is 319593 composite?
True
Is 22903 a prime number?
False
Is 4541 a prime number?
False
Is 22367 a composite number?
False
Is 314747 a prime number?
True
Is 167345 prime?
False
Is 792511 a prime number?
False
Is 9565 a composite number?
True
Is 62747 a composite number?
True
Is 46533 a prime number?
False
Is 46393 composite?
True
Is 893167 composite?
True
Is 23159 a composite number?
False
Is 285771 a prime number?
False
Is 8053 a composite number?
False
Is 2179 a composite number?
False
Is 6469 composite?
False
Is 3787 a prime number?
False
Is 7069 composite?
False
Is 53239 a prime number?
True
Is 659 prime?
True
Is 42263 a composite number?
True
Is 23189 a composite number?
False
Is 1693 prime?
True
Is 26539 composite?
False
Is 112033 a prime number?
False
Is 5917 composite?
True
Is 769 composite?
False
Is 345305 composite?
True
Is 24253 prime?
False
Is 21877 composite?
True
Is 57029 prime?
False
Is 298817 prime?
True
Is 3453 composite?
True
Is 369755 a prime number?
False
Is 639655 prime?
False
Is 157303 a prime number?
True
Is 37645 a composite number?
True
Is 16649 a composite number?
False
Is 11273 prime?
True
Is 122777 a composite number?
False
Is 186215 composite?
True
Is 139223 a prime number?
False
Is 36131 prime?
T